{"id":11,"date":"2013-06-24T20:04:09","date_gmt":"2013-06-24T19:04:09","guid":{"rendered":"http:\/\/blog.mowista.de\/?page_id=11"},"modified":"2013-06-25T15:57:30","modified_gmt":"2013-06-25T14:57:30","slug":"impressum","status":"publish","type":"page","link":"https:\/\/blog.mowista.de\/?page_id=11","title":{"rendered":"Impressum"},"content":{"rendered":"<p style=\"text-align: left;\"><big>Monika Wisgott-Stahl<br \/>\nKarl-Theodor-Str. 1c<br \/>\n83700 Rottach-Egern<\/big><\/p>\n<p>+49 (0) 8022 &#8211; 670985<\/p>\n<p>E-Mail: fotografie(at)mowista(dot)de<br \/>\nInternet: www.mowista.de ; http:\/\/blog.mowista.de<\/p>\n<p>Inhaltlich Verantwortlich gem\u00e4\u00df \u00a7 10 Absatz 3 MDStV: Monika Wisgott-Stahl<\/p>\n<p>Haftungshinweis: Trotz sorgf\u00e4ltiger inhaltlicher Kontrolle \u00fcbernehme ich keine Haftung f\u00fcr die Inhalte externer Links. F\u00fcr den Inhalt der verlinkten Seiten sind ausschliesslich deren Betreiber verantwortlich.<\/p>\n<p>&nbsp;<\/p>\n","protected":false},"excerpt":{"rendered":"<p>Monika Wisgott-Stahl Karl-Theodor-Str. 1c 83700 Rottach-Egern +49 (0) 8022 &#8211; 670985 E-Mail: fotografie(at)mowista(dot)de Internet: www.mowista.de ; http:\/\/blog.mowista.de Inhaltlich Verantwortlich gem\u00e4\u00df \u00a7 10 Absatz 3 MDStV: Monika Wisgott-Stahl Haftungshinweis: Trotz sorgf\u00e4ltiger inhaltlicher Kontrolle \u00fcbernehme ich keine Haftung f\u00fcr die Inhalte externer &hellip; <a href=\"https:\/\/blog.mowista.de\/?page_id=11\">Weiterlesen <span class=\"meta-nav\">&rarr;<\/span><\/a><\/p>\n","protected":false},"author":1,"featured_media":0,"parent":0,"menu_order":0,"comment_status":"closed","ping_status":"closed","template":"","meta":{"footnotes":""},"class_list":["post-11","page","type-page","status-publish","hentry"],"_links":{"self":[{"href":"https:\/\/blog.mowista.de\/index.php?rest_route=\/wp\/v2\/pages\/11","targetHints":{"allow":["GET"]}}],"collection":[{"href":"https:\/\/blog.mowista.de\/index.php?rest_route=\/wp\/v2\/pages"}],"about":[{"href":"https:\/\/blog.mowista.de\/index.php?rest_route=\/wp\/v2\/types\/page"}],"author":[{"embeddable":true,"href":"https:\/\/blog.mowista.de\/index.php?rest_route=\/wp\/v2\/users\/1"}],"replies":[{"embeddable":true,"href":"https:\/\/blog.mowista.de\/index.php?rest_route=%2Fwp%2Fv2%2Fcomments&post=11"}],"version-history":[{"count":9,"href":"https:\/\/blog.mowista.de\/index.php?rest_route=\/wp\/v2\/pages\/11\/revisions"}],"predecessor-version":[{"id":50,"href":"https:\/\/blog.mowista.de\/index.php?rest_route=\/wp\/v2\/pages\/11\/revisions\/50"}],"wp:attachment":[{"href":"https:\/\/blog.mowista.de\/index.php?rest_route=%2Fwp%2Fv2%2Fmedia&parent=11"}],"curies":[{"name":"wp","href":"https:\/\/api.w.org\/{rel}","templated":true}]}}